ase 9) to base 11
-18867
23223 (base 9) to base 3
210020210
What is -121305 (base 6) in base 15?
-3282
What is -22240 (base 6) in base 9?
-4246
What is -5b (base 14) in base 10?
-81
Convert -5010 (base 9) to base 2.
-111001000110
-329 (base 13) to base 14
-2aa
-13505 (base 7) to base 12
-2168
What is 22103 (base 5) in base 7?
4312
What is -2201002100 (base 3) in base 15?
-10bc0
Convert 324206 (base 7) to base 4.
31311323
3721 (base 13) to base 2
1111001111001
Convert -26731 (base 8) to base 4.
-2313121
What is 3c0 (base 13) in base 14?
355
What is 3233 (base 5) in base 12?
30b
What is 22321 (base 5) in base 16?
632
Convert -20918 (base 10) to base 15.
-62e8
1329 (base 11) to base 16
6bd
-30042 (base 6) to base 8
-7512
What is 268 (base 12) in base 10?
368
Convert -ad (base 15) to base 12.
-117
Convert b13 (base 14) to base 11.
16a6
What is 161306 (base 7) in base 5?
2003314
Convert -4ea (base 15) to base 16.
-460
21135 (base 7) to base 9
7140
What is -43020 (base 5) in base 12?
-1805
Convert 3555 (base 7) to base 5.
20224
Convert -4118 (base 10) to base 9.
-5575
Convert -109b8 (base 13) to base 2.
-111011000011001
What is 1788 (base 13) in base 4?
312210
What is 36b (base 12) in base 8?
1003
-63565 (base 7) to base 12
-9127
What is -11675 (base 10) in base 12?
-690b
Convert -2244242 (base 5) to base 2.
-1001111001111100
-11573 (base 10) to base 12
-6845
Convert 1226 (base 7) to base 15.
20b
-23302 (base 5) to base 10
-1702
What is bb24 (base 13) in base 8?
62710
What is -214424 (base 7) in base 9?
-56518
Convert 3dde (base 15) to base 8.
31713
What is -aa60 (base 11) in base 2?
-11100011111010
ca1 (base 15) to base 13
13b4
Convert 1120010 (base 3) to base 2.
10001110001
-76ac (base 14) to base 12
-ba74
Convert 151 (base 12) to base 5.
1310
Convert 110110110000 (base 2) to base 16.
db0
Convert 1572 (base 15) to base 12.
27bb
What is 104215 (base 7) in base 4?
10131301
Convert -191a (base 11) to base 12.
-14b5
Convert 11494 (base 11) to base 10.
16559
What is 13312 (base 4) in base 13?
2c8
Convert -111000001010100 (base 2) to base 4.
-13001110
What is -22012100 (base 3) in base 12?
-3560
-400240 (base 5) to base 6
-134110
What is 12264 (base 7) in base 3?
11102200
Convert 122424 (base 6) to base 11.
8264
Convert 13162 (base 8) to base 11.
4354
-1010011001 (base 2) to base 10
-665
What is 12013 (base 4) in base 12?
287
Convert 4cb7 (base 14) to base 15.
3ee4
What is -30001 (base 5) in base 8?
-3524
Convert -3586 (base 12) to base 2.
-1011101110110
Convert 2a26 (base 12) to base 4.
1030332
-21200 (base 5) to base 7
-4104
What is 1413 (base 6) in base 7?
1035
Convert -20414 (base 7) to base 3.
-20212112
What is -18588 (base 9) in base 10?
-12878
Convert -110661 (base 8) to base 15.
-b0b7
Convert 13480 (base 11) to base 15.
5a56
-15612 (base 9) to base 11
-8050
Convert 164 (base 12) to base 4.
3130
Convert -44727 (base 8) to base 15.
-5903
What is -64 (base 7) in base 16?
-2e
220022111 (base 3) to base 12
a311
Convert 1721 (base 11) to base 8.
4231
Convert 1101401 (base 5) to base 7.
106216
What is 4563 (base 11) in base 5?
142443
-3222010 (base 4) to base 15
-468a
What is -1111002 (base 3) in base 5?
-13312
What is 1012103 (base 5) in base 14?
6048
What is -10200111 (base 3) in base 8?
-5176
What is 31787 (base 10) in base 13?
11612
What is -6b1 (base 15) in base 6?
-11004
-ec2e (base 15) to base 13
-199a9
988 (base 10) to base 11
819
Convert 1622 (base 8) to base 13.
554
Convert 24010 (base 5) to base 11.
1356
1174 (base 8) to base 7
1566
What is 74 (base 14) in base 7?
204
-585 (base 9) to base 2
-111100010
Convert 11000001101 (base 2) to base 7.
4342
What is -236 (base 12) in base 11?
-280
What is -20222 (base 4) in base 8?
-1052
What is -414313 (base 5) in base 6?
-143244
269 (base 16) to base 14
321
52631 (base 8) to base 7
120613
Convert 215 (base 13) to base 3.
111012
Convert 10201210 (base 3) to base 5.
41341
Convert 17d (base 15) to base 12.
247
201323 (base 6) to base 5
1002031
Convert 114 (base 11) to base 12.
b4
Convert -1d9 (base 16) to base 13.
-2a5
What is bce (base 15) in base 3?
10122212
What is -66a (base 11) in base 6?
-3414
Convert 125420 (base 7) to base 6.
300542
What is 1ed5 (base 15) in base 12?
3a85
What is 2989 (base 10) in base 9?
4081
Convert -443130 (base 5) to base 3.
-210010221
-2301 (base 4) to base 14
-c9
1027 (base 13) to base 8
4266
What is -2406 (base 7) in base 10?
-888
Convert -21d0 (base 15) to base 9.
-10746
What is -39015 (base 10) in base 15?
-b860
-231434 (base 6) to base 11
-13990
Convert 17294 (base 10) to base 13.
7b44
What is 120301 (base 4) in base 13?
94c
What is -26051 (base 9) in base 16?
-4486
What is -73b (base 12) in base 7?
-3035
Convert -3a21 (base 13) to base 11.
-6273
-62e (base 15) to base 10
-1394
-12022 (base 4) to base 8
-612
-a70 (base 15) to base 6
-14523
Convert -6565 (base 11) to base 5.
-234122
6a2 (base 14) to base 4
110212
Convert -12320 (base 5) to base 15.
-440
What is 11110100000 (base 2) in base 11?
1515
What is -1336 (base 7) in base 13?
-30a
Convert 31 (base 7) to base 15.
17
50031 (base 6) to base 7
24643
What is -10a3 (base 16) in base 3?
-12211202
What is 7472 (base 13) in base 2?
11111100010100
What is 4817 (base 10) in base 7?
20021
What is -845 (base 9) in base 15?
-30e
Convert 131a (base 11) to base 6.
11535
538 (base 13) to base 5
12032
What is -24522 (base 8) in base 12?
-6156
Convert -10022010 (base 3) to base 4.
-211212
20113 (base 4) to base 16
217
40323 (base 9) to base 16
678c
24355 (base 7) to base 10
6361
Convert 1414 (base 13) to base 14.
10a6
What is -10699 (base 10) in base 13?
-4b40
What is 1020011 (base 5) in base 13?
78b7
What is 2660 (base 15) in base 8?
17776
Convert 2044 (base 6) to base 15.
20a
-1130 (base 10) to base 12
-7a2
What is -6b6 (base 15) in base 3?
-2002100
What is -3112033 (base 4) in base 10?
-13711
What is -110110011011101 (base 2) in base 10?
-27869
-104 (base 10) to base 7
-206
Convert 101010100 (base 2) to base 10.
340
1001020222 (base 3) to base 4
11001320
What is -300123 (base 5) in base 2?
-10010011000101
What is -5546 (base 9) in base 14?
-16c4
Convert 1841 (base 9) to base 2.
10110000110
Convert -1154 (base 11) to base 2.
-10111100111
What is -24064 (base 8) in base 11?
-7807
What is 6413 (base 7) in base 2?
100011011000
What is -37164 (base 12) in base 10?
-74524
-196 (base 13) to base 11
-246
Convert 2b6 (base 12) to base 5.
3201
What is -1257 (base 9) in base 5?
-12233
What is 1144 (base 9) in base 13?
505
-2110 (base 3) to base 7
-123
What is -6044 (base 12) in base 8?
-24264
20425 (base 8) to base 13
3b16
Convert -6657 (base 9) to base 12.
-2a14
9877 (base 12) to base 4
10012123
Convert -4107 (base 12) to base 13.
-32a4
741 (base 9) to base 5
4404
1588 (base 12) to base 15
b52
Convert 3485 (base 10) to base 6.
24045
-2352 (base 6) to base 11
-480
30211 (base 4) to base 12
571
588 (base 9) to base 5
3420
a580 (base 12) to base 5
1034341
Convert 28b (base 12) to base 7.
1103
3b (base 16) to base 12
4b
Convert 5a86 (base 13) to base 10.
12785
What is 5b5d (base 16) in base 12?
11651
3403 (base 5) to base 13
2aa
What is b2d (base 16) in base 5?
42421
Convert -13121133 (base 4) to base 10.
-30303
8000 (base 16) to base 14
bd28
Convert 5ed5 (base 15) to base 9.
30662
What is 44411 (base 7) in base 6?
123432
40470 (base 8) to base 12
97b4
What is 202331 (base 5) in base 10?
6591
What is -1176 (base 8) in base 9?
-778
Convert 10011 (base 2) to base 15.
14
905 (base 10) to base 6
4105
What is 6cb9 (base 15) in base 3?
1011201110
-754 (base 9) to base 14
-320
What is -457 (base 8) in base 12?
-213
-232a (base 15) to base 8
-16451
Convert 22132 (base 4) to base 15.
2ea
12302 (base 6) to base 12
1092
314541 (base 6) to base 9
38217
What is 46 (base 16) in base 13?
55
What is 100110011000 (base 2) in base 15?
adb
3332 (base 10) to base 13
1694
What is 1020121 (base 3) in base 13?
54a
Convert -9643 (base 10) to base 3.
-111020011
What is -110010111 (base 2) in base 5?
-3112
What is -14159 (base 12) in base 16?
-6cd5
-20c9 (base 13) to base 2
-1000111001111
What is -1121231 (base 4) in base 12?
-33a5
-2306 (base 14) to base 2
-1011111000010
Convert -211 (base 9) to base 16.
-ac
What is 111001000 (base 2) in base 14?
248
-2010212 (ba